e remainder when z is divided by (-10)/3*(0 - 3).
7
Let s = -21 + 23. Calculate the remainder when 2 is divided by s.
0
Let t(u) = -u**3 + 8*u**2 - 3*u + 4. Let y(n) = -2*n - 6. Let x be y(-5). Calculate the remainder when t(7) is divided by ((-102)/(-24))/(1/x).
15
Calculate the remainder when 2*164/(-8)*(-2 + 1) is divided by 15.
11
Let m(y) = 0*y + 11 - y - 3*y - 4. Calculate the remainder when 74 is divided by m(-3).
17
What is the remainder when 48 is divided by 27/((-10)/((-40)/6))?
12
Let z(u) = 1. Let w(o) = 2*o - 8. Let v(k) = -w(k) - 12*z(k). Let d be 2*14/(-8)*34/17. Calculate the remainder when 18 is divided by v(d).
8
Let u = -369 + 589. Suppose 53 + 49 = 3*x. Calculate the remainder when x is divided by u/18 - (-6)/(-27).
10
Suppose 18*n = 11*n + 70. What is the remainder when 37 is divided by n?
7
Let y = -30 - -49. Calculate the remainder when 1*-1 - 259/(-7) is divided by y.
17
Let q(z) = -z**3 - 4*z**2 + 6*z + 6. Let t(i) = -i**2 - 7*i + 6. Let j be t(-8). What is the remainder when q(-6) is divided by j/(1/(22/(-4)))?
9
Let i(s) = -s**3 + s**2 - s + 9. Let w(u) = -u**2 - 5*u + 3. Let n be w(-8). Let a = n - -55. Calculate the remainder when a is divided by i(0).
7
Suppose 0 = -2*g + 5 + 9. Suppose -5*c = -38 - g. What is the remainder when c is divided by 5?
4
Suppose -13 = -5*l + 12. What is the remainder when l is divided by 4?
1
Suppose -31 = u - 10. Let q = -11 - u. What is the remainder when 29 is divided by q?
9
What is the remainder when -6*10/(-6) - (-1 + 2) is divided by 7?
2
Let u = -25 + 18. Let w(s) = s + 12. Let l be w(u). Let v(z) = 2*z + 1. Calculate the remainder when 32 is divided by v(l).
10
Let b(l) = l + 3. Let x be b(3). Let g(q) = 7*q - 1. What is the remainder when g(x) is divided by 14?
13
Let o = -13 - -29. Let b(i) = -2*i - 9. Let y be b(-8). Suppose 3*k - y = 80. Calculate the remainder when k is divided by o.
13
Let k = -6 - -9. Suppose 0 = -k*o - 3 - 9. Let y(l) = -3*l - 2. Calculate the remainder when 28 is divided by y(o).
8
Let t = -158 - -274. What is the remainder when t is divided by 9?
8
Let y(k) = 11*k**2 - k. Suppose 4*v + 12 = -3*n, -n - 3 - 1 = 4*v. Let o be 3/(6/n) - -3. What is the remainder when 28 is divided by y(o)?
8
Let o(i) = 3*i - 14. Suppose -29 + 77 = 4*c. What is the remainder when 63 is divided by o(c)?
19
Let f be 16 - 0/4 - -1. Suppose 0 = 2*y - 4*q - f - 25, 0 = 5*y + q - 61. What is the remainder when 51 is divided by y?
12
Let h = 69 + -22. What is the remainder when h is divided by 25?
22
Let b(w) be the third derivative of w**4/24 + 7*w**3/6 - w**2. Let s be b(-5). What is the remainder when 0/(-3) + 19 + s is divided by 11?
10
Let g = -83 - -136. Calculate the remainder when g is divided by 11.
9
Let l(r) = r**2 + 6*r - 10. Let m be l(-8). Let z = m - -2. Suppose 3*d - 41 = 1. What is the remainder when d is divided by z?
6
Let u = -154 + 187. Calculate the remainder when 229 is divided by u.
31
Let u = 26 + 74. Let q = u + -36. Calculate the remainder when q is divided by 22.
20
Suppose -8 - 25 = 2*i + 3*c, -3*i - 5*c - 49 = 0. Suppose 0 = -3*p + 3, 5*x - 4*p = -16 - 28. Let l = x - i. What is the remainder when 18 is divided by l?
8
Let g(j) = j**2 - j + 52. Let b be g(0). What is the remainder when 37 is divided by b/(-6)*3/(-2)?
11
Let v(i) = -i**2 + 7*i + 1. Let a be (-4)/14 + (-222)/(-42). What is the remainder when 42 is divided by v(a)?
9
Let o(n) = -n**3 + 6*n**2 + 3*n - 13*n**2 + 4 - 1 + 5*n. Calculate the remainder when o(-8) is divided by 1.
0
Let p(r) = -2*r - 9. Let u(m) = -3*m + 3. Let o be u(3). Calculate the remainder when (-5)/((4 + -1)/(-3)) is divided by p(o).
2
Let f = 36 + -50. Let x be 0 + (f/2 - 1). Let q(v) = -v**3 - 7*v**2 + 7*v + 10. What is the remainder when q(x) is divided by 10?
8
Let p(x) = -x**2 - 8*x - 5. Let h be p(-10). Let y = h - -52. What is the remainder when 79 is divided by y?
25
Let u = 46 + -16. Let v = -16 + u. What is the remainder when v is divided by 4?
2
Let a(i) = i**3 - 5*i**2 + 3*i. Let d be a(4). Let y = d - -8. Suppose 3*g = 5*f + 19, -3*g - 3 + 6 = 3*f. Calculate the remainder when y is divided by g.
1
Let l = -1 - 8. Let m = l + 10. Calculate the remainder when 3/m - (-135)/3 is divided by 25.
23
Suppose l = -2*l - 4*w + 10, -75 = -5*l + 5*w. Calculate the remainder when 49 is divided by l.
9
Suppose 2*z = -4*r + 18, 4*r + 67 = 3*z + 2*r. What is the remainder when 35 is divided by z?
16
Let n = -3 - -6. Calculate the remainder when (-44)/(-6) - 17/(255/(-10)) is divided by n.
2
Suppose 3*m + 2*s - s - 99 = 0, -3*m + 99 = -3*s. Let o = -13 + m. What is the remainder when 78 is divided by o?
18
Let x(n) = n**3 - 9*n**2 - n + 12. Let v be x(9). Let a = -9 - -9. Suppose a = v*b + b - 76. Calculate the remainder when b is divided by 5.
4
Let x be (1 + 1)/(0 + 2). Let z(v) = v + 14. Let o be z(-10). Calculate the remainder when 24/o - (x + -3) is divided by 3.
2
Let b = 8 - -4. Suppose -k + 4*k = b. Suppose 0 = -4*f - f + 15. Calculate the remainder when k is divided by f.
1
Suppose 2*m = -m + 306. What is the remainder when m is divided by 26?
24
Let h(q) = -6 + 4*q - q**3 + 1 + 3*q**2 + 2. Suppose 0*c - 5*c + 15 = 0. What is the remainder when 16 is divided by h(c)?
7
Suppose -2*r - 87 = -n - 0*n, 3*n = 5*r + 260. Calculate the remainder when n is divided by 29.
27
Suppose 0 = -3*n - 2*v + 11, 5*n = v - 2*v + 23. Suppose -5 = -4*h + k, -3*h + 5*h - 19 = -n*k. Calculate the remainder when h is divided by 3/(-2)*(-8)/6.
0
Suppose 0*d = -2*d - 6, 0 = -4*w + 3*d + 93. Suppose -3*q - 3*h + 36 = q, -q + 5*h = 14. What is the remainder when w is divided by q?
3
Let z = 0 + 1. Let c(i) = i - 2. Let f be c(4). Suppose f = o + z. What is the remainder when 2 is divided by o?
0
Suppose 2*w - 3*m = 3, -3*m = -w - 0*m. Suppose -l + 0*l = -w. Suppose 0 = 2*r + 4*o - 12, -o + 8 = 3*r. Calculate the remainder when l is divided by r.
1
Suppose 12 = -3*o, 2*n + n - 150 = 3*o. Suppose -b - b + n = 0. Calculate the remainder when 44 is divided by b.
21
Let t(p) = p**3 - p**2 - p + 5. Calculate the remainder when 62 is divided by t(0).
2
Let d = 13 + -22. Let w = d - -7. Calculate the remainder when 21 is divided by w/(-11) - (-238)/22.
10
Suppose 7*m - 191 - 124 = 0. Calculate the remainder when m is divided by 6.
3
Let b = -29 - -40. Suppose -41*k + 20 = -40*k. What is the remainder when k is divided by b?
9
Let c = -32 + 40. Calculate the remainder when 30 is divided by c.
6
Let j = -4 - -8. Suppose 4 = 2*i + y - 0*y, -3*i + 2*y = -6. Suppose 5*k + 2*h - 40 = 0, 0 = 5*k - h + i*h - 45. What is the remainder when k is divided by j?
2
Let t(p) = 2 + 2*p - 2 + 17*p**2 + 1. What is the remainder when t(-1) is divided by 6*(-3 - -2 - -2)?
4
Calculate the remainder when 24 is divided by ((-4)/(-3))/((-2)/(-21)).
10
Suppose a - 67 = 4*y, 2*y - 5*y = 5*a - 266. What is the remainder when a is divided by 20?
15
Suppose j = -0 + 2. Suppose -20 = -4*a - 0*a. Calculate the remainder when a is divided by (3/j)/((-6)/(-12)).
2
Let b(h) = h**3 - 3*h + 2. Calculate the remainder when b(3) is divided by 12.
8
Suppose 6*k = 3*k + 108. Calculate the remainder when k is divided by 13.
10
Let v(h) = 9*h**3 - h**2 + 2*h - 1. Let c be (-18)/(-12)*(-32)/(-6). What is the remainder when v(1) is divided by (-2)/c*-2*8?
1
Suppose 3*w - 73 - 23 = 0. Suppose -5*k + 106 = -4*x, 2*x = -2*k + x + w. Let g = 50 + 3. Calculate the remainder when g is divided by k.
17
What is the remainder when -7 + 4 + (-46)/(-2) is divided by 7?
6
Let c(x) = x + 1. What is the remainder when c(11) is divided by 9?
3
Let r = 20 - -5. What is the remainder when (-1)/(-1 + (-144)/(-147)) is divided by r?
24
Let p(f) be the third derivative of f**6/120 + f**5/12 + f**4/24 - f**3/2 - 2*f**2. What is the remainder when 25 is divided by p(-4)?
7
Let q = 2 + 15. Suppose c + 4*c = 5. What is the remainder when q is divided by -4*-2*c - 2?
5
Suppose 55*n + 336 = 57*n. Calculate the remainder when n is divided by 19.
16
Let g(c) = c**2 + c + 2. Let s = -1 - -15. Let a = s + -6. Calculate the remainder when g(-5) is divided by a.
6
Let b(y) = 0*y - 4 + 0*y + 5*y. Let j = 45 - 39. Calculate the remainder when b(4) is divided by j.
4
Suppose -6*s = -s. Calculate the remainder when (35 - (